re the prime factors of 787031?
7, 29, 3877
What are the prime factors of 37083756?
2, 3, 3090313
List the prime factors of 880977.
3, 293659
List the prime factors of 323096.
2, 40387
What are the prime factors of 983753?
103, 9551
List the prime factors of 38072836.
2, 31, 479, 641
List the prime factors of 4122654.
2, 3, 687109
What are the prime factors of 289789?
289789
List the prime factors of 703756.
2, 175939
What are the prime factors of 12014167?
11, 83, 13159
What are the prime factors of 2285606?
2, 29, 157, 251
List the prime factors of 8672407.
8672407
List the prime factors of 2089792.
2, 32653
List the prime factors of 12233180.
2, 5, 229, 2671
List the prime factors of 3688923.
3, 7, 175663
List the prime factors of 625620.
2, 3, 5, 10427
List the prime factors of 35906026.
2, 13, 47, 29383
What are the prime factors of 262169?
409, 641
What are the prime factors of 3421917?
3, 23, 61, 271
List the prime factors of 13593327.
3, 11, 411919
What are the prime factors of 7788857?
7788857
What are the prime factors of 12475395?
3, 5, 277231
List the prime factors of 71010.
2, 3, 5, 263
What are the prime factors of 5148086?
2, 2574043
List the prime factors of 1164305.
5, 232861
What are the prime factors of 9545224?
2, 13, 91781
List the prime factors of 6524750.
2, 5, 26099
List the prime factors of 1797435.
3, 5, 59, 677
List the prime factors of 14134669.
14134669
List the prime factors of 30323128.
2, 11, 37, 67, 139
List the prime factors of 1686630.
2, 3, 5, 11, 19, 269
List the prime factors of 176581.
29, 6089
List the prime factors of 99401.
99401
What are the prime factors of 21752525?
5, 53, 16417
What are the prime factors of 374148?
2, 3, 19, 547
What are the prime factors of 7777269?
3, 71, 4057
List the prime factors of 4409806.
2, 67, 32909
List the prime factors of 284244.
2, 3, 23687
What are the prime factors of 12993601?
12993601
List the prime factors of 17806030.
2, 5, 11, 161873
What are the prime factors of 235015?
5, 11, 4273
What are the prime factors of 930855?
3, 5, 62057
What are the prime factors of 12270344?
2, 1533793
What are the prime factors of 10971619?
229, 47911
What are the prime factors of 14810933?
137, 108109
What are the prime factors of 1568283?
3, 522761
List the prime factors of 254209.
254209
What are the prime factors of 10983275?
5, 17, 43, 601
What are the prime factors of 13981230?
2, 3, 5, 59, 2633
What are the prime factors of 1156626?
2, 3, 21419
List the prime factors of 198453.
3, 83, 797
What are the prime factors of 3170022?
2, 3, 479, 1103
What are the prime factors of 172320?
2, 3, 5, 359
What are the prime factors of 245805?
3, 5, 7, 2341
List the prime factors of 2520603.
3, 229, 1223
List the prime factors of 248147.
23, 10789
What are the prime factors of 1210718?
2, 19, 151, 211
What are the prime factors of 2523697?
11, 20857
What are the prime factors of 176029?
7, 25147
What are the prime factors of 397436?
2, 13, 7643
What are the prime factors of 272514?
2, 3, 11, 4129
What are the prime factors of 3135384?
2, 3, 7, 6221
List the prime factors of 835457.
7, 41, 71
List the prime factors of 134803.
23, 5861
What are the prime factors of 12611?
12611
What are the prime factors of 272936?
2, 109, 313
What are the prime factors of 15051553?
11, 19, 6547
What are the prime factors of 30037239?
3, 67, 109, 457
List the prime factors of 101609.
17, 43, 139
What are the prime factors of 21179165?
5, 7, 41, 14759
List the prime factors of 90803.
90803
List the prime factors of 14754820.
2, 5, 313, 2357
What are the prime factors of 2866714?
2, 1433357
List the prime factors of 3272365.
5, 167, 3919
List the prime factors of 6027125.
5, 13, 3709
What are the prime factors of 25277556?
2, 3, 2106463
List the prime factors of 15448518.
2, 3, 858251
What are the prime factors of 144165?
3, 5, 7, 1373
List the prime factors of 9441999.
3, 7, 149873
List the prime factors of 2303698.
2, 53, 103, 211
What are the prime factors of 2242364?
2, 43, 13037
List the prime factors of 3860383.
3860383
What are the prime factors of 1822565?
5, 364513
List the prime factors of 4840417.
4840417
What are the prime factors of 1977980?
2, 5, 98899
What are the prime factors of 294467?
294467
List the prime factors of 924713.
924713
List the prime factors of 225561.
3, 7, 23, 467
What are the prime factors of 9066159?
3, 47, 21433
What are the prime factors of 2192475?
3, 5, 23, 31, 41
What are the prime factors of 2169291?
3, 23, 149, 211
List the prime factors of 10024102.
2, 11, 53, 8597
List the prime factors of 202107.
3, 67369
List the prime factors of 791868.
2, 3, 7, 11, 857
List the prime factors of 1326790.
2, 5, 132679
What are the prime factors of 556249?
29, 19181
What are the prime factors of 360012?
2, 3, 19, 1579
List the prime factors of 153978.
2, 3, 11, 2333
What are the prime factors of 393829?
23, 17123
What are the prime factors of 129606?
2, 3, 21601
List the prime factors of 12367993.
11, 17, 19, 59
What are the prime factors of 43358?
2, 7, 19, 163
List the prime factors of 3793518.
2, 3, 73, 2887
List the prime factors of 102485.
5, 103, 199
What are the prime factors of 205734?
2, 3, 17, 2017
List the prime factors of 1427386.
2, 37, 19289
List the prime factors of 7122586.
2, 3561293
What are the prime factors of 241881?
3, 80627
What are the prime factors of 3038893?
11, 13, 79, 269
What are the prime factors of 740431?
101, 7331
List the prime factors of 390107.
390107
What are the prime factors of 609175?
5, 7, 59
List the prime factors of 4632705.
3, 5, 7, 11, 191
List the prime factors of 141978.
2, 3, 23663
What are the prime factors of 3845615?
5, 769123
What are the prime factors of 6601806?
2, 3, 353, 1039
What are the prime factors of 10467258?
2, 3, 1744543
What are the prime factors of 13147550?
2, 5, 13, 113, 179
What are the prime factors of 139520?
2, 5, 109
What are the prime factors of 888040?
2, 5, 149
List the prime factors of 567828.
2, 3, 15773
List the prime factors of 17948967.
3, 1753, 3413
What are the prime factors of 2240013?
3, 746671
What are the prime factors of 256973?
313, 821
What are the prime factors of 3281484?
2, 3, 273457
What are the prime factors of 141297?
3, 13, 3623
What are the prime factors of 1349502?
2, 3, 7, 11, 23, 127
List the prime factors of 40119221.
103, 389507
List the prime factors of 243941.
19, 37, 347
What are the prime factors of 762667?
762667
List the prime factors of 1940084.
2, 485021
List the prime factors of 76372.
2, 61, 313
List the prime factors of 34723876.
2, 11, 43, 18353
List the prime factors of 364518.
2, 3, 7, 11, 263
List the prime factors of 13763258.
2, 19, 362191
What are the prime factors of 250874?
2, 13, 9649
What are the prime factors of 470373?
3, 17, 23, 401
List the prime factors of 2176299.
3, 241811
List the prime factors of 10316.
2, 2579
What are the prime factors of 1800976?
2, 31, 3631
What are the prime factors of 1351487?
29, 1607
What are the prime factors of 10955366?
2, 89, 61547
What are the prime factors of 18985671?
3, 31, 7561
List the prime factors of 6771582.
2, 3, 376199
List the prime factors of 375807.
3, 125269
What are the prime factors of 2419211?
563, 4297
What are the prime factors of 2655533?
397, 6689
List the prime factors of 706889.
103, 6863
List the prime factors of 2392876.
2, 598219
What are the prime factors of 611927?
611927
What are the prime factors of 1401054?
2, 3, 233509
What are the prime factors of 236328?
2, 3, 43, 229
What are the prime factors of 288527?
288527
What are the prime factors of 2528020?
2, 5, 11, 11491
List the prime factors of 8880385.
5, 59, 30103
List the prime factors of 294178.
2, 147089
What are the prime factors of 479612?
2, 7, 2447
List the prime factors of 1569902.
2, 31, 25321
What are the prime factors of 204073?
29, 31, 227
List the prime factors of 17700729.
3, 5900243
What are the prime factors of 40934928?
2, 3, 113, 7547
List the prime factors of 137634.
2, 3, 7, 29, 113
What are the prime factors of 115425?
3, 5, 19
What are the prime factors of 1105487?
43, 47, 547
List the prime factors of 1453741.
29, 50129
List the prime factors of 242935.
5, 7, 11, 631
List the prime factors of 2841825.
3, 5, 